{"id":80,"date":"2020-04-29T00:48:23","date_gmt":"2020-04-28T22:48:23","guid":{"rendered":"https:\/\/palmieriecostanzi.it\/?page_id=80"},"modified":"2020-08-07T13:02:10","modified_gmt":"2020-08-07T11:02:10","slug":"lazienda","status":"publish","type":"page","link":"https:\/\/palmieriecostanzi.it\/index.php\/lazienda\/","title":{"rendered":"L&#8217;Azienda"},"content":{"rendered":"<div class=\"row\">\n<div class=\"col-12 col-md-3\"><img decoding=\"async\" class=\"alignleft size-large\" src=\"https:\/\/palmieriecostanzi.it\/wp-content\/uploads\/2020\/08\/IMG_20200616_190407-1024x768.jpg\" alt=\"\" \/><\/div>\n<div class=\"col-12 col-md-9\">\n<p>L\u2019azienda nasce nel marzo 1970 come Pierini e Battista poi si avvicendano diversi soci facendola diventare Pierini e Animento, Animento e Palmieri fino all\u2019attuale Palmieri e Costanzi.<\/p>\n<p>&nbsp;<\/p>\n<p>L\u2019attivit\u00e0 continua da pi\u00f9 di 50 anni poggiando su un servizio puntuale, prezzi concorrenziali e sulla nostra disponibilit\u00e0.<\/p>\n<p>&nbsp;<\/p>\n<p>Questo ha fidelizzato i nostri clienti, ai quali cerchiamo di offrire un servizio sempre migliore con una vasta gamma di prodotti che oltre a comprendere i maggiori marchi cerca di favorire quelli regionali che offrono alta qualit\u00e0, massima freschezza e ottime garanzie di genuinit\u00e0.<\/p>\n<p>&nbsp;<\/p>\n<\/div>\n<\/div>\n<div class=\"row\">\n<div class=\"col-12 col-md-9\">\n<p>Raggiungiamo abitazioni, aziende, uffici, negozi, bar, ristoranti, mense e comunit\u00e0 nelle zone di:<\/p>\n<p>&nbsp;<\/p>\n<ul>\n<li style=\"list-style-type: none;\">\n<ul>\n<li>Appignano<\/li>\n<li>Belforte<\/li>\n<li>Caldarola<\/li>\n<li>Casette Verdini<\/li>\n<li>Colbuccaro<\/li>\n<li>Corridonia<\/li>\n<li>Macerata<\/li>\n<li>Montecassiano<\/li>\n<li>Montefano<\/li>\n<li>Montelupone<\/li>\n<li>Piediripa<\/li>\n<li>Ripe San Ginesio<\/li>\n<\/ul>\n<\/li>\n<\/ul>\n<\/div>\n<div class=\"col-12 col-md-3\"><img decoding=\"async\" class=\"alignnone size-large\" src=\"https:\/\/palmieriecostanzi.it\/wp-content\/uploads\/2020\/08\/IMG_20200616_190556-1024x768.jpg\" alt=\"\" \/><\/div>\n<\/div>\n","protected":false},"excerpt":{"rendered":"<p>L\u2019azienda nasce nel marzo 1970 come Pierini e Battista poi si avvicendano diversi soci facendola diventare Pierini e Animento, Animento e Palmieri fino all\u2019attuale Palmieri e Costanzi. &nbsp; L\u2019attivit\u00e0 continua da pi\u00f9 di 50 anni poggiando su un servizio puntuale,&#8230; <a class=\"di-continue-reading\" href=\"https:\/\/palmieriecostanzi.it\/index.php\/lazienda\/\"> Continue Reading&#8230;<\/a><\/p>\n","protected":false},"author":1,"featured_media":0,"parent":0,"menu_order":0,"comment_status":"closed","ping_status":"closed","template":"","meta":{"footnotes":""},"class_list":["post-80","page","type-page","status-publish","hentry"],"_links":{"self":[{"href":"https:\/\/palmieriecostanzi.it\/index.php\/wp-json\/wp\/v2\/pages\/80","targetHints":{"allow":["GET"]}}],"collection":[{"href":"https:\/\/palmieriecostanzi.it\/index.php\/wp-json\/wp\/v2\/pages"}],"about":[{"href":"https:\/\/palmieriecostanzi.it\/index.php\/wp-json\/wp\/v2\/types\/page"}],"author":[{"embeddable":true,"href":"https:\/\/palmieriecostanzi.it\/index.php\/wp-json\/wp\/v2\/users\/1"}],"replies":[{"embeddable":true,"href":"https:\/\/palmieriecostanzi.it\/index.php\/wp-json\/wp\/v2\/comments?post=80"}],"version-history":[{"count":9,"href":"https:\/\/palmieriecostanzi.it\/index.php\/wp-json\/wp\/v2\/pages\/80\/revisions"}],"predecessor-version":[{"id":307,"href":"https:\/\/palmieriecostanzi.it\/index.php\/wp-json\/wp\/v2\/pages\/80\/revisions\/307"}],"wp:attachment":[{"href":"https:\/\/palmieriecostanzi.it\/index.php\/wp-json\/wp\/v2\/media?parent=80"}],"curies":[{"name":"wp","href":"https:\/\/api.w.org\/{rel}","templated":true}]}}